 of z and r?
39
Let u = -201807 - -201870. Let b be 30 - (4/(-2))/(-2). Suppose -4*l = 3*q - b - 1, 4*l + 2*q = 32. What is the greatest common factor of u and l?
9
Let p(i) = -i**3 - 4*i**2 + 12. Let x(m) = -2*m**2 - 14*m. Let g be x(-7). Let y be p(g). What is the greatest common factor of y and 276?
12
Let j(v) = 28*v - 19. Let q be j(-1). Let r be q/9*-3 - (-12)/36. Calculate the greatest common divisor of r and 2.
2
Let n = -268 + 110. Let j be 0 + 2 - (13 + n). What is the greatest common divisor of 21 and j?
21
Suppose 2*b - 6*b - 436 = 0. Let k = 19 - b. Suppose 9*c - k = 5*c. What is the highest common factor of c and 96?
32
Let o = 2707 + -1719. What is the greatest common factor of 304 and o?
76
Let v(s) = s**3 + 8*s**2 + 9*s + 17. Let a be v(-7). Let q be -2 + -2*(a - -3). Let j be (-16 + q)*6/(-10). Calculate the highest common factor of 72 and j.
18
Let z be (6 + 256/(-40))*-5. Suppose 10*a - z - 238 = 0. Let t = -6 + 9. What is the greatest common factor of t and a?
3
Let c(v) = v**3 + 17*v**2 + 47*v + 1. Let b = -49 + 36. Let x be c(b). Let h(n) = 34*n - 5. Let l be h(5). What is the highest common divisor of l and x?
33
Let v be (1170/(-10))/(24/(-144)). Calculate the greatest common factor of 1066 and v.
26
Suppose -3*o + 23 + 136 = 5*i, -4*i = 2*o - 128. Suppose -5*f = -8*f + i. Calculate the greatest common factor of f and 33.
11
Suppose 0*m = 5*r + 5*m - 15, -7 = r - 4*m. Suppose -8*b + 390 + 74 = 0. Suppose b - 4 = 6*a. Calculate the highest common factor of r and a.
1
Suppose -f = -117 - 95. Suppose n = 228 - f. Calculate the greatest common factor of 1 and n.
1
Suppose 4*c = -2*b + 22110, 0 = c - 3*b - 2552 - 2986. What is the highest common factor of c and 57?
57
Let s be (104/(-6))/(((-50)/(-195))/10). Let f = -424 - s. Calculate the highest common divisor of f and 28.
28
Let s(v) = -177*v + 124*v - v**3 + 81*v + 13*v**2 - 25. Let l be s(14). What is the greatest common divisor of l and 9?
9
Let c be 6/6 + -4 + (-9 - 0). Let f be 3/(c/16) - -123. Let a be 4 + 275/20 - (-9)/(-12). What is the highest common factor of f and a?
17
Let w be (70/21)/(4/6). Let x(d) = -6*d**2 + 75*d - 1. Let g be x(12). What is the highest common factor of g and w?
5
Let x(m) = 16*m + 1 - 191*m**2 - 5 - 5*m + 185*m**2. Let k be x(-5). Let o = -83 - k. Calculate the highest common factor of o and 18.
18
Suppose 0 = -p + 5*p + 96. Let y = 31 - p. Calculate the highest common divisor of y and 22.
11
Let q(k) = 2*k**3 + 123*k**2 - 203*k - 616. Let g be q(-63). What is the highest common divisor of 42 and g?
14
Let v(s) = -4*s - 18. Let j = -23 - -25. Suppose z + 21 = 5*p, p = 3*z - j*p + 27. Let y be v(z). Calculate the highest common divisor of 9 and y.
3
Let u be (-5 - 0)/(2430/(-110) - -22). What is the highest common divisor of 1265 and u?
55
Suppose w = k + 65, 0 = 5*k - 2*k + 4*w + 216. Let j = -129 + 341. Let u = j + k. Calculate the highest common divisor of u and 18.
18
Suppose 0 = 2*w + 2, 0 = 2*r - 2*w - 2*w - 10. Suppose r*z - 33 = -6. Calculate the highest common factor of z and 51.
3
Let a be 1/2 - ((-24)/(-20) - 6897/110). Calculate the greatest common factor of 19654 and a.
62
Let v be ((-34)/(-10) + -1)/(22*2/110). Calculate the greatest common factor of v and 99.
3
Suppose 0 = -3*v + 5*m + 364, 5*v - 134 = -4*m + 448. Suppose -64 = 114*d - v*d - 3*w, -4*d = -5*w - 64. Calculate the greatest common divisor of 40 and d.
8
Let c = -3238 - -3253. Calculate the greatest common divisor of 91 and c.
1
Let i = -13672 + 15535. Calculate the highest common factor of 405 and i.
81
Let j = -129 + 214. Suppose 130*v - 135*v = -j. Calculate the highest common factor of v and 119.
17
Let j = 28746 - 28602. Calculate the greatest common divisor of 2256 and j.
48
Let b = 104 - 91. Let o be (18/12)/((-1)/(-18)). Let s = o - 14. Calculate the greatest common divisor of b and s.
13
Suppose 16*x - 144 = 10*x. Let z be 28 - (-3 - (-2 - (0 + -2))). Let f = z - 25. Calculate the highest common factor of x and f.
6
Let r = -8861 - -8925. Calculate the greatest common factor of r and 1544.
8
Let v(n) = -n**3 - 11*n**2 - 2*n + 35. Let g be v(-13). What is the greatest common divisor of g and 2052?
57
Suppose 0 = 32*k - 27*k + v - 13, -3*k + 15 = -3*v. Let r be ((-26)/(-91))/((-1)/(-14)). Calculate the highest common divisor of r and k.
1
Suppose -4*g = -g - 2*c - 462, 3*c + 771 = 5*g. Suppose 0 = 22*b - g - 6664. Calculate the highest common divisor of b and 248.
62
Let r(q) be the second derivative of 16*q + 10/3*q**3 + 0*q**2 + 0. Let z be r(2). What is the greatest common divisor of z and 10?
10
Let f be (243/1)/(-14 + 13 + 2). Suppose -3*a - a = 0. Suppose a = n - 20 - 7. What is the greatest common divisor of n and f?
27
Let g be (-40)/70 - 2645/(-35). What is the greatest common divisor of g and 100?
25
Let p = 82 - 49. Let k be (-1)/(49/78 + 10/(-15)). Suppose -b + 3*q = -k, -3*b + 73 = -5*q + 15. Calculate the greatest common factor of b and p.
11
Let k(a) = a**3 - 2*a**2 + 2*a - 1. Let j be k(1). Let c be j/2 - (-100)/5. Let i be (9/3 - 8)*-6. Calculate the greatest common factor of c and i.
10
Let b = 6591 + -3945. Calculate the highest common divisor of 36 and b.
18
Let a be -2*(-8 + 1 + 0). Let u be a/21*5*30. Let g = 412 + -387. Calculate the highest common factor of g and u.
25
Suppose 0 = -5*s - 4*f - 27, 2*f - 5 = -3*s - 20. Let h be (s - (1 - 2)*3) + 38. What is the highest common divisor of 551 and h?
19
Let g(x) = 8*x**2 + 10*x + 3. Let d be g(-4). Suppose -4*u + 96 = s, -4*u = -u - 4*s - d. Let h = u + -19. What is the greatest common factor of 6 and h?
6
Let k be (-3)/5 - 1602486/(-635). What is the highest common factor of 174 and k?
87
Let j(k) = 4*k - 12*k + 6*k + 5*k - 4. Let p be j(9). Let i = p + -1. Calculate the greatest common factor of 22 and i.
22
Let t(f) = f**3 + 39*f**2 + f + 53. Let q be t(-39). Suppose 12*w = 13*w - 14. Calculate the greatest common divisor of q and w.
14
Let w(u) be the third derivative of 11*u**4/24 - 11*u**3 - 172*u**2. Let j be w(9). Calculate the highest common factor of j and 209.
11
Let g be (-14)/21 + -5 + (-206)/(-3). What is the highest common divisor of 18 and g?
9
Let s = -23 + 25. Suppose -2*h = s*i - 12, -2*h = -16 + 6. Suppose -2*r + 4 = 0, -6*n + 2*n - r + 30 = 0. What is the greatest common divisor of n and i?
1
Let p(a) = 2*a + 1. Let f(y) = -6*y + 46. Let w(x) = -f(x) - 2*p(x). Let m be w(25). Let o = 16 - -2. Calculate the highest common divisor of o and m.
2
Let t be (-195)/6*(-44)/10. What is the greatest common factor of t and 767?
13
Let l(o) = 14*o - 48. Let p be l(8). Suppose 3*h = 2*v + 1720, -3*h + 11*v + 1748 = 16*v. Calculate the greatest common divisor of p and h.
64
Let o(z) = -4*z + 10. Let u be o(7). Let b be (u/(-45))/(2/60). Let v be 4 + (-76)/18 - (-110)/9. Calculate the greatest common factor of v and b.
12
Suppose -80*u + 270 = -86*u. Let y be (7104/40)/(3 - (-129)/u). Calculate the greatest common divisor of y and 36.
36
Suppose -2*w = 7*o - 2*o - 45, -3*w + 5*o = -5. Let y be (-8)/6*336/(-16). Suppose 0 = y*b - 22*b - 12. Calculate the highest common divisor of w and b.
2
Let z(y) = -y**2 - 26*y + 628. Let u be z(-37). Calculate the greatest common factor of 34 and u.
17
Let t be 1243 + -4*55/20. What is the greatest common divisor of t and 368?
16
Suppose -s + 30 - 21 = 0. Suppose i = 2*u + 33, 13*i - 105 = s*i - u. Calculate the greatest common divisor of 621 and i.
27
Suppose -12*t + 260 = 8*t. Suppose t*f = 15*f - 120. What is the greatest common factor of 40 and f?
20
Suppose -4*i + 12 = -16. Suppose -11*d - 61 = -1007. Let s = 121 - d. Calculate the greatest common factor of s and i.
7
Let g be 45 + 1 + (-45)/(-7) + 12/21. What is the greatest common factor of 53 and g?
53
Suppose -243*z = -233*z + 640. Let g be (-2 - 52/(-6))/(z/(-240)). What is the greatest common factor of g and 2?
1
Suppose -212 = -33*m + 844. Let p be 570/2 - (2 + -5). Calculate the greatest common factor of p and m.
32
Suppose -j = 2*p - 6154, -10*j + 14*j - 4*p = 24652. Calculate the greatest common divisor of 1584 and j.
176
Suppose -31*r = -28*r - 252. Suppose 0*p + 6*p = r. Calculate the highest common factor of p and 238.
14
Suppose -2873 = -4*l + 3*t, l - 4*t - 138 = 603